{"id":2385,"date":"2024-09-27T23:04:13","date_gmt":"2024-09-27T21:04:13","guid":{"rendered":"https:\/\/deillon.ch\/datenschutzrichtlinie\/"},"modified":"2024-11-19T22:23:05","modified_gmt":"2024-11-19T21:23:05","slug":"datenschutzrichtlinie","status":"publish","type":"page","link":"https:\/\/deillon.ch\/de\/datenschutzrichtlinie\/","title":{"rendered":"Datenschutzrichtlinie"},"content":{"rendered":"\t\t<div data-elementor-type=\"wp-page\" data-elementor-id=\"2385\" class=\"elementor elementor-2385 elementor-3\" data-elementor-post-type=\"page\">\n\t\t\t\t<div class=\"elementor-element elementor-element-75ba423b e-flex e-con-boxed e-con e-parent\" data-id=\"75ba423b\" data-element_type=\"container\" data-e-type=\"container\">\n\t\t\t\t\t<div class=\"e-con-inner\">\n\t\t\t\t<div class=\"elementor-element elementor-element-709d64b elementor-widget elementor-widget-heading\" data-id=\"709d64b\" data-element_type=\"widget\" data-e-type=\"widget\" data-widget_type=\"heading.default\">\n\t\t\t\t<div class=\"elementor-widget-container\">\n\t\t\t\t\t<h1 class=\"elementor-heading-title elementor-size-default\">Datenschutzrichtlinie<\/h1>\t\t\t\t<\/div>\n\t\t\t\t<\/div>\n\t\t\t\t<div class=\"elementor-element elementor-element-38c01a9e elementor-widget elementor-widget-text-editor\" data-id=\"38c01a9e\" data-element_type=\"widget\" data-e-type=\"widget\" data-widget_type=\"text-editor.default\">\n\t\t\t\t<div class=\"elementor-widget-container\">\n\t\t\t\t\t\t\t\t\t<p><\/p>\n<h2 class=\"wp-block-heading\">Wer sind wir&nbsp;?<\/h2>\n<p><br>\n<\/p>\n<p>Die Adresse unserer Website lautet&nbsp;: https:\/\/deillon.ch\/de\/<\/p>\n<p><br>\n<\/p>\n<h2 class=\"wp-block-heading\">Kommentare<\/h2>\n<p><br>\n<\/p>\n<p>Wenn Sie einen Kommentar auf unserer Website hinterlassen, werden die in das Kommentarformular eingetragenen Daten sowie Ihre IP-Adresse und der User Agent Ihres Browsers gesammelt, um uns bei der Erkennung unerw\u00fcnschter Kommentare zu helfen.<\/p>\n<p><br>\n<\/p>\n<p>Eine aus Ihrer E-Mail-Adresse erstellte anonymisierte Zeichenfolge (auch Hash genannt) kann an den Gravatar-Dienst gesendet werden, um zu \u00fcberpr\u00fcfen, ob Sie diesen nutzen. Die Datenschutzbestimmungen f\u00fcr den Gravatar-Dienst finden Sie hier&nbsp;: https:\/\/automattic.com\/privacy\/. Nachdem du deinen Kommentar freigeschaltet hast, wird dein Profilbild neben deinem Kommentar \u00f6ffentlich sichtbar sein.<\/p>\n<p><br>\n<\/p>\n<h2 class=\"wp-block-heading\">Medien<\/h2>\n<p><br>\n<\/p>\n<p>Wenn Sie Bilder auf die Website hochladen, empfehlen wir Ihnen, keine Bilder hochzuladen, die EXIF-Daten von GPS-Koordinaten enthalten. Personen, die Ihre Website besuchen, k\u00f6nnen Standortdaten aus diesen Bildern herunterladen und extrahieren.<\/p>\n<p><br>\n<\/p>\n<h2 class=\"wp-block-heading\">Cookies<\/h2>\n<p><br>\n<\/p>\n<p>Wenn Sie einen Kommentar auf unserer Seite abgeben, wird Ihnen angeboten, Ihren Namen, Ihre E-Mail-Adresse und Ihren Standort in Cookies zu speichern. Dies dient lediglich Ihrer Bequemlichkeit, damit Sie diese Informationen nicht eingeben m\u00fcssen, wenn Sie sp\u00e4ter einen weiteren Kommentar abgeben. Diese Cookies laufen nach einem Jahr ab.<\/p>\n<p><br>\n<\/p>\n<p>Wenn Sie die Anmeldeseite aufrufen, wird ein tempor\u00e4res Cookie erstellt, um festzustellen, ob Ihr Browser Cookies akzeptiert. Sie enth\u00e4lt keine pers\u00f6nlichen Daten und wird automatisch gel\u00f6scht, wenn Sie Ihren Browser schlie\u00dfen.<\/p>\n<p><br>\n<\/p>\n<p>Wenn Sie sich anmelden, setzen wir eine Reihe von Cookies, um Ihre Anmeldeinformationen und Bildschirmeinstellungen zu speichern. Die Lebensdauer eines Anmelde-Cookies betr\u00e4gt zwei Tage, die eines Bildschirmoptions-Cookies ein Jahr. Wenn Sie \u201e&nbsp;Mich erinnern&nbsp;\u201c ankreuzen, wird Ihr Anmelde-Cookie zwei Wochen lang gespeichert. Wenn Sie sich von Ihrem Konto abmelden, wird das Anmelde-Cookie gel\u00f6scht.<\/p>\n<p><br>\n<\/p>\n<p>Wenn Sie einen Beitrag bearbeiten oder ver\u00f6ffentlichen, wird ein zus\u00e4tzliches Cookie in Ihrem Browser gespeichert. Dieses Cookie enth\u00e4lt keine personenbezogenen Daten. Er gibt lediglich die ID des Beitrags an, den Sie gerade bearbeitet haben. Er l\u00e4uft nach einem Tag ab.<\/p>\n<p><br>\n<\/p>\n<h2 class=\"wp-block-heading\">Von anderen Websites eingebettete Inhalte<\/h2>\n<p><br>\n<\/p>\n<p>Die Artikel auf dieser Website k\u00f6nnen eingebettete Inhalte enthalten (z. B. Videos, Bilder, Artikel &#8230;). Inhalte, die von anderen Websites eingebunden werden, verhalten sich so, als w\u00fcrde der Besucher diese andere Website besuchen.<\/p>\n<p><br>\n<\/p>\n<p>Diese Websites k\u00f6nnten Daten \u00fcber Sie sammeln, Cookies verwenden, Tracking-Tools von Drittanbietern einbetten und Ihre Interaktionen mit diesen eingebetteten Inhalten verfolgen, wenn Sie ein angemeldetes Konto auf ihrer Website haben.<\/p>\n<p><br>\n<\/p>\n<h2 class=\"wp-block-heading\">Verwendung und Weitergabe Ihrer pers\u00f6nlichen Daten<\/h2>\n<p><br>\n<\/p>\n<p>Wenn du ein Zur\u00fccksetzen deines Passworts anforderst, wird deine IP-Adresse in der E-Mail zum Zur\u00fccksetzen enthalten sein.<\/p>\n<p><br>\n<\/p>\n<h2 class=\"wp-block-heading\">Speicherfristen f\u00fcr Ihre Daten<\/h2>\n<p><br>\n<\/p>\n<p>Wenn Sie einen Kommentar hinterlassen, werden der Kommentar und seine Metadaten auf unbestimmte Zeit gespeichert. Dadurch werden nachfolgende Kommentare automatisch erkannt und genehmigt, anstatt sie in der Moderationswarteschlange zu belassen.<\/p>\n<p><br>\n<\/p>\n<p>F\u00fcr Konten, die sich auf unserer Seite registrieren (falls zutreffend), speichern wir auch die in ihrem Profil angegebenen pers\u00f6nlichen Daten. Alle Konten k\u00f6nnen ihre pers\u00f6nlichen Informationen jederzeit einsehen, \u00e4ndern oder l\u00f6schen (mit Ausnahme ihres Benutzernamens). Auch die Verwalter der Website k\u00f6nnen diese Informationen einsehen und \u00e4ndern.<\/p>\n<p><br>\n<\/p>\n<h2 class=\"wp-block-heading\">Die Rechte, die Sie \u00fcber Ihre Daten haben<\/h2>\n<p><br>\n<\/p>\n<p>Wenn Sie ein Konto haben oder Kommentare auf der Website hinterlassen haben, k\u00f6nnen Sie eine Datei anfordern, die alle personenbezogenen Daten enth\u00e4lt, die wir \u00fcber Sie haben, einschlie\u00dflich der Daten, die Sie uns zur Verf\u00fcgung gestellt haben. Sie k\u00f6nnen auch die L\u00f6schung Ihrer personenbezogenen Daten verlangen. Dies gilt nicht f\u00fcr Daten, die f\u00fcr administrative, rechtliche oder Sicherheitszwecke gespeichert werden.<\/p>\n<p><br>\n<\/p>\n<h2 class=\"wp-block-heading\">Wohin Ihre Daten gesendet werden<\/h2>\n<p><br>\n<\/p>\n<p>Die Kommentare von Besuchern k\u00f6nnen mithilfe eines automatisierten Dienstes zur Erkennung unerw\u00fcnschter Kommentare \u00fcberpr\u00fcft werden.<\/p>\n<p><\/p>\t\t\t\t\t\t\t\t<\/div>\n\t\t\t\t<\/div>\n\t\t\t\t\t<\/div>\n\t\t\t\t<\/div>\n\t\t\t\t<\/div>\n\t\t","protected":false},"excerpt":{"rendered":"<p>Datenschutzrichtlinie Wer sind wir&nbsp;? Die Adresse unserer Website lautet&nbsp;: https:\/\/deillon.ch\/de\/ Kommentare Wenn Sie einen Kommentar auf unserer Website hinterlassen, werden die in das Kommentarformular eingetragenen Daten sowie Ihre IP-Adresse und der User Agent Ihres Browsers gesammelt, um uns bei der Erkennung unerw\u00fcnschter Kommentare zu helfen. Eine aus Ihrer E-Mail-Adresse erstellte anonymisierte Zeichenfolge (auch Hash genannt) [&hellip;]<\/p>\n","protected":false},"author":3,"featured_media":0,"parent":0,"menu_order":0,"comment_status":"closed","ping_status":"open","template":"","meta":{"footnotes":""},"class_list":["post-2385","page","type-page","status-publish","hentry"],"_links":{"self":[{"href":"https:\/\/deillon.ch\/de\/wp-json\/wp\/v2\/pages\/2385","targetHints":{"allow":["GET"]}}],"collection":[{"href":"https:\/\/deillon.ch\/de\/wp-json\/wp\/v2\/pages"}],"about":[{"href":"https:\/\/deillon.ch\/de\/wp-json\/wp\/v2\/types\/page"}],"author":[{"embeddable":true,"href":"https:\/\/deillon.ch\/de\/wp-json\/wp\/v2\/users\/3"}],"replies":[{"embeddable":true,"href":"https:\/\/deillon.ch\/de\/wp-json\/wp\/v2\/comments?post=2385"}],"version-history":[{"count":1,"href":"https:\/\/deillon.ch\/de\/wp-json\/wp\/v2\/pages\/2385\/revisions"}],"predecessor-version":[{"id":2386,"href":"https:\/\/deillon.ch\/de\/wp-json\/wp\/v2\/pages\/2385\/revisions\/2386"}],"wp:attachment":[{"href":"https:\/\/deillon.ch\/de\/wp-json\/wp\/v2\/media?parent=2385"}],"curies":[{"name":"wp","href":"https:\/\/api.w.org\/{rel}","templated":true}]}}

<div data-elementor-type="wp-page" data-elementor-id="2385" class="elementor elementor-2385 elementor-3" data-elementor-post-type="page">
				<div class="elementor-element elementor-element-75ba423b e-flex e-con-boxed e-con e-parent" data-id="75ba423b" data-element_type="container" data-e-type="container">
					<div class="e-con-inner">
				<div class="elementor-element elementor-element-709d64b elementor-widget elementor-widget-heading" data-id="709d64b" data-element_type="widget" data-e-type="widget" data-widget_type="heading.default">
				<div class="elementor-widget-container">
					<h1 class="elementor-heading-title elementor-size-default">Datenschutzrichtlinie</h1>				</div>
				</div>
				<div class="elementor-element elementor-element-38c01a9e elementor-widget elementor-widget-text-editor" data-id="38c01a9e" data-element_type="widget" data-e-type="widget" data-widget_type="text-editor.default">
				<div class="elementor-widget-container">
									<p></p>
<h2 class="wp-block-heading">Wer sind wir&nbsp;?</h2>
<p><br>
</p>
<p>Die Adresse unserer Website lautet&nbsp;: https://deillon.ch/de/</p>
<p><br>
</p>
<h2 class="wp-block-heading">Kommentare</h2>
<p><br>
</p>
<p>Wenn Sie einen Kommentar auf unserer Website hinterlassen, werden die in das Kommentarformular eingetragenen Daten sowie Ihre IP-Adresse und der User Agent Ihres Browsers gesammelt, um uns bei der Erkennung unerwünschter Kommentare zu helfen.</p>
<p><br>
</p>
<p>Eine aus Ihrer E-Mail-Adresse erstellte anonymisierte Zeichenfolge (auch Hash genannt) kann an den Gravatar-Dienst gesendet werden, um zu überprüfen, ob Sie diesen nutzen. Die Datenschutzbestimmungen für den Gravatar-Dienst finden Sie hier&nbsp;: https://automattic.com/privacy/. Nachdem du deinen Kommentar freigeschaltet hast, wird dein Profilbild neben deinem Kommentar öffentlich sichtbar sein.</p>
<p><br>
</p>
<h2 class="wp-block-heading">Medien</h2>
<p><br>
</p>
<p>Wenn Sie Bilder auf die Website hochladen, empfehlen wir Ihnen, keine Bilder hochzuladen, die EXIF-Daten von GPS-Koordinaten enthalten. Personen, die Ihre Website besuchen, können Standortdaten aus diesen Bildern herunterladen und extrahieren.</p>
<p><br>
</p>
<h2 class="wp-block-heading">Cookies</h2>
<p><br>
</p>
<p>Wenn Sie einen Kommentar auf unserer Seite abgeben, wird Ihnen angeboten, Ihren Namen, Ihre E-Mail-Adresse und Ihren Standort in Cookies zu speichern. Dies dient lediglich Ihrer Bequemlichkeit, damit Sie diese Informationen nicht eingeben müssen, wenn Sie später einen weiteren Kommentar abgeben. Diese Cookies laufen nach einem Jahr ab.</p>
<p><br>
</p>
<p>Wenn Sie die Anmeldeseite aufrufen, wird ein temporäres Cookie erstellt, um festzustellen, ob Ihr Browser Cookies akzeptiert. Sie enthält keine persönlichen Daten und wird automatisch gelöscht, wenn Sie Ihren Browser schließen.</p>
<p><br>
</p>
<p>Wenn Sie sich anmelden, setzen wir eine Reihe von Cookies, um Ihre Anmeldeinformationen und Bildschirmeinstellungen zu speichern. Die Lebensdauer eines Anmelde-Cookies beträgt zwei Tage, die eines Bildschirmoptions-Cookies ein Jahr. Wenn Sie „&nbsp;Mich erinnern&nbsp;“ ankreuzen, wird Ihr Anmelde-Cookie zwei Wochen lang gespeichert. Wenn Sie sich von Ihrem Konto abmelden, wird das Anmelde-Cookie gelöscht.</p>
<p><br>
</p>
<p>Wenn Sie einen Beitrag bearbeiten oder veröffentlichen, wird ein zusätzliches Cookie in Ihrem Browser gespeichert. Dieses Cookie enthält keine personenbezogenen Daten. Er gibt lediglich die ID des Beitrags an, den Sie gerade bearbeitet haben. Er läuft nach einem Tag ab.</p>
<p><br>
</p>
<h2 class="wp-block-heading">Von anderen Websites eingebettete Inhalte</h2>
<p><br>
</p>
<p>Die Artikel auf dieser Website können eingebettete Inhalte enthalten (z. B. Videos, Bilder, Artikel &#8230;). Inhalte, die von anderen Websites eingebunden werden, verhalten sich so, als würde der Besucher diese andere Website besuchen.</p>
<p><br>
</p>
<p>Diese Websites könnten Daten über Sie sammeln, Cookies verwenden, Tracking-Tools von Drittanbietern einbetten und Ihre Interaktionen mit diesen eingebetteten Inhalten verfolgen, wenn Sie ein angemeldetes Konto auf ihrer Website haben.</p>
<p><br>
</p>
<h2 class="wp-block-heading">Verwendung und Weitergabe Ihrer persönlichen Daten</h2>
<p><br>
</p>
<p>Wenn du ein Zurücksetzen deines Passworts anforderst, wird deine IP-Adresse in der E-Mail zum Zurücksetzen enthalten sein.</p>
<p><br>
</p>
<h2 class="wp-block-heading">Speicherfristen für Ihre Daten</h2>
<p><br>
</p>
<p>Wenn Sie einen Kommentar hinterlassen, werden der Kommentar und seine Metadaten auf unbestimmte Zeit gespeichert. Dadurch werden nachfolgende Kommentare automatisch erkannt und genehmigt, anstatt sie in der Moderationswarteschlange zu belassen.</p>
<p><br>
</p>
<p>Für Konten, die sich auf unserer Seite registrieren (falls zutreffend), speichern wir auch die in ihrem Profil angegebenen persönlichen Daten. Alle Konten können ihre persönlichen Informationen jederzeit einsehen, ändern oder löschen (mit Ausnahme ihres Benutzernamens). Auch die Verwalter der Website können diese Informationen einsehen und ändern.</p>
<p><br>
</p>
<h2 class="wp-block-heading">Die Rechte, die Sie über Ihre Daten haben</h2>
<p><br>
</p>
<p>Wenn Sie ein Konto haben oder Kommentare auf der Website hinterlassen haben, können Sie eine Datei anfordern, die alle personenbezogenen Daten enthält, die wir über Sie haben, einschließlich der Daten, die Sie uns zur Verfügung gestellt haben. Sie können auch die Löschung Ihrer personenbezogenen Daten verlangen. Dies gilt nicht für Daten, die für administrative, rechtliche oder Sicherheitszwecke gespeichert werden.</p>
<p><br>
</p>
<h2 class="wp-block-heading">Wohin Ihre Daten gesendet werden</h2>
<p><br>
</p>
<p>Die Kommentare von Besuchern können mithilfe eines automatisierten Dienstes zur Erkennung unerwünschter Kommentare überprüft werden.</p>
<p></p>								</div>
				</div>
					</div>
				</div>
				</div>

<p>Datenschutzrichtlinie Wer sind wir&nbsp;? Die Adresse unserer Website lautet&nbsp;: https://deillon.ch/de/ Kommentare Wenn Sie einen Kommentar auf unserer Website hinterlassen, werden die in das Kommentarformular eingetragenen Daten sowie Ihre IP-Adresse und der User Agent Ihres Browsers gesammelt, um uns bei der Erkennung unerwünschter Kommentare zu helfen. Eine aus Ihrer E-Mail-Adresse erstellte anonymisierte Zeichenfolge (auch Hash genannt) [&hellip;]</p>
